{"id":119,"date":"2022-03-14T05:13:52","date_gmt":"2022-03-14T08:13:52","guid":{"rendered":"https:\/\/espacofloresca.com.br\/index.php\/about\/"},"modified":"2025-04-02T21:55:43","modified_gmt":"2025-04-03T00:55:43","slug":"sobre","status":"publish","type":"page","link":"https:\/\/espacofloresca.com.br\/index.php\/sobre\/","title":{"rendered":"Sobre"},"content":{"rendered":"\t\t<div data-elementor-type=\"wp-page\" data-elementor-id=\"119\" class=\"elementor elementor-119\">\n\t\t\t\t\t\t\t\t\t<section class=\"elementor-section elementor-top-section elementor-element elementor-element-7a73d50 elementor-section-boxed elementor-section-height-default elementor-section-height-default\" data-id=\"7a73d50\" data-element_type=\"section\" data-settings=\"{&quot;background_background&quot;:&quot;classic&quot;}\">\n\t\t\t\t\t\t\t<div class=\"elementor-background-overlay\"><\/div>\n\t\t\t\t\t\t\t<div class=\"elementor-container elementor-column-gap-default\">\n\t\t\t\t\t<div class=\"elementor-column elementor-col-100 elementor-top-column elementor-element elementor-element-a616d73\" data-id=\"a616d73\" data-element_type=\"column\">\n\t\t\t<div class=\"elementor-widget-wrap elementor-element-populated\">\n\t\t\t\t\t\t\t\t<div class=\"elementor-element elementor-element-9240651 elementor-widget elementor-widget-heading\" data-id=\"9240651\" data-element_type=\"widget\" data-widget_type=\"heading.default\">\n\t\t\t\t<div class=\"elementor-widget-container\">\n\t\t\t<style>\/*! elementor - v3.11.2 - 22-02-2023 *\/\n.elementor-heading-title{padding:0;margin:0;line-height:1}.elementor-widget-heading .elementor-heading-title[class*=elementor-size-]>a{color:inherit;font-size:inherit;line-height:inherit}.elementor-widget-heading .elementor-heading-title.elementor-size-small{font-size:15px}.elementor-widget-heading .elementor-heading-title.elementor-size-medium{font-size:19px}.elementor-widget-heading .elementor-heading-title.elementor-size-large{font-size:29px}.elementor-widget-heading .elementor-heading-title.elementor-size-xl{font-size:39px}.elementor-widget-heading .elementor-heading-title.elementor-size-xxl{font-size:59px}<\/style><h1 class=\"elementor-heading-title elementor-size-default\">Espa\u00e7o Flores\u00e7a<\/h1>\t\t<\/div>\n\t\t\t\t<\/div>\n\t\t\t\t\t<\/div>\n\t\t<\/div>\n\t\t\t\t\t\t\t<\/div>\n\t\t<\/section>\n\t\t\t\t<section class=\"elementor-section elementor-top-section elementor-element elementor-element-305fd43 elementor-section-boxed elementor-section-height-default elementor-section-height-default\" data-id=\"305fd43\" data-element_type=\"section\" data-settings=\"{&quot;background_background&quot;:&quot;classic&quot;}\">\n\t\t\t\t\t\t<div class=\"elementor-container elementor-column-gap-default\">\n\t\t\t\t\t<div class=\"elementor-column elementor-col-66 elementor-top-column elementor-element elementor-element-bef610b\" data-id=\"bef610b\" data-element_type=\"column\">\n\t\t\t<div class=\"elementor-widget-wrap elementor-element-populated\">\n\t\t\t\t\t\t\t\t<div class=\"elementor-element elementor-element-2880db2 elementor-widget elementor-widget-text-editor\" data-id=\"2880db2\" data-element_type=\"widget\" data-widget_type=\"text-editor.default\">\n\t\t\t\t<div class=\"elementor-widget-container\">\n\t\t\t<style>\/*! elementor - v3.11.2 - 22-02-2023 *\/\n.elementor-widget-text-editor.elementor-drop-cap-view-stacked .elementor-drop-cap{background-color:#818a91;color:#fff}.elementor-widget-text-editor.elementor-drop-cap-view-framed .elementor-drop-cap{color:#818a91;border:3px solid;background-color:transparent}.elementor-widget-text-editor:not(.elementor-drop-cap-view-default) .elementor-drop-cap{margin-top:8px}.elementor-widget-text-editor:not(.elementor-drop-cap-view-default) .elementor-drop-cap-letter{width:1em;height:1em}.elementor-widget-text-editor .elementor-drop-cap{float:left;text-align:center;line-height:1;font-size:50px}.elementor-widget-text-editor .elementor-drop-cap-letter{display:inline-block}<\/style>\t\t\t\t<p>O <strong>Espa\u00e7o Flores\u00e7a<\/strong> \u00e9 um espa\u00e7o de Psican\u00e1lise e terapias integrativas idealizado por Michele Martini.<\/p>\n<p>Iniciou em 2020 com a inten\u00e7\u00e3o de levar a pr\u00e1tica do Reiki e outras formas de cura para o m\u00e1ximo de pessoas.<\/p>\n<p>Oi, eu sou a <em><strong>Michele!<\/strong><\/em><br>Minha primeira forma\u00e7\u00e3o acad\u00eamica foi em Educa\u00e7\u00e3o F\u00edsica, apesar de n\u00e3o ter atuado na \u00e1rea (tirando o per\u00edodo do est\u00e1gio), aprendi muito e levo isso para a vida.<\/p>\n<p>Ali nasceu uma das paix\u00f5es (secretas at\u00e9 ent\u00e3o) que \u00e9 a Psicologia.<\/p>\n<p>Sempre fui bem curiosa e o novo sempre me chamou a aten\u00e7\u00e3o.<br>Inquieta, quando algo ou algum lugar n\u00e3o satisfazia a minha alma eu procurava entender o porqu\u00ea.<\/p>\n<p><\/p>\t\t\t\t\t\t<\/div>\n\t\t\t\t<\/div>\n\t\t\t\t\t<\/div>\n\t\t<\/div>\n\t\t\t\t<div class=\"elementor-column elementor-col-33 elementor-top-column elementor-element elementor-element-4ee2085\" data-id=\"4ee2085\" data-element_type=\"column\">\n\t\t\t<div class=\"elementor-widget-wrap elementor-element-populated\">\n\t\t\t\t\t\t\t\t<div class=\"elementor-element elementor-element-2824cf8 elementor-widget elementor-widget-image\" data-id=\"2824cf8\" data-element_type=\"widget\" data-widget_type=\"image.default\">\n\t\t\t\t<div class=\"elementor-widget-container\">\n\t\t\t<style>\/*! elementor - v3.11.2 - 22-02-2023 *\/\n.elementor-widget-image{text-align:center}.elementor-widget-image a{display:inline-block}.elementor-widget-image a img[src$=\".svg\"]{width:48px}.elementor-widget-image img{vertical-align:middle;display:inline-block}<\/style>\t\t\t\t\t\t\t\t\t\t\t\t<img decoding=\"async\" width=\"300\" height=\"400\" src=\"https:\/\/espacofloresca.com.br\/wp-content\/uploads\/2023\/03\/mi-perfil.jpg\" class=\"attachment-full size-full wp-image-1117\" alt=\"\" loading=\"lazy\" srcset=\"https:\/\/espacofloresca.com.br\/wp-content\/uploads\/2023\/03\/mi-perfil.jpg 300w, https:\/\/espacofloresca.com.br\/wp-content\/uploads\/2023\/03\/mi-perfil-225x300.jpg 225w\" sizes=\"(max-width: 300px) 100vw, 300px\" \/>\t\t\t\t\t\t\t\t\t\t\t\t\t\t\t<\/div>\n\t\t\t\t<\/div>\n\t\t\t\t\t<\/div>\n\t\t<\/div>\n\t\t\t\t\t\t\t<\/div>\n\t\t<\/section>\n\t\t\t\t<section class=\"elementor-section elementor-top-section elementor-element elementor-element-9c4ae8f elementor-section-boxed elementor-section-height-default elementor-section-height-default\" data-id=\"9c4ae8f\" data-element_type=\"section\">\n\t\t\t\t\t\t<div class=\"elementor-container elementor-column-gap-default\">\n\t\t\t\t\t<div class=\"elementor-column elementor-col-33 elementor-top-column elementor-element elementor-element-f6b2457\" data-id=\"f6b2457\" data-element_type=\"column\">\n\t\t\t<div class=\"elementor-widget-wrap elementor-element-populated\">\n\t\t\t\t\t\t\t\t<div class=\"elementor-element elementor-element-2efadd2 elementor-widget elementor-widget-image\" data-id=\"2efadd2\" data-element_type=\"widget\" data-widget_type=\"image.default\">\n\t\t\t\t<div class=\"elementor-widget-container\">\n\t\t\t\t\t\t\t\t\t\t\t\t\t\t\t<img decoding=\"async\" width=\"350\" height=\"586\" src=\"https:\/\/espacofloresca.com.br\/wp-content\/uploads\/2023\/03\/mi-perfil2-1.jpg\" class=\"attachment-large size-large wp-image-1181\" alt=\"\" loading=\"lazy\" srcset=\"https:\/\/espacofloresca.com.br\/wp-content\/uploads\/2023\/03\/mi-perfil2-1.jpg 350w, https:\/\/espacofloresca.com.br\/wp-content\/uploads\/2023\/03\/mi-perfil2-1-179x300.jpg 179w\" sizes=\"(max-width: 350px) 100vw, 350px\" \/>\t\t\t\t\t\t\t\t\t\t\t\t\t\t\t<\/div>\n\t\t\t\t<\/div>\n\t\t\t\t\t<\/div>\n\t\t<\/div>\n\t\t\t\t<div class=\"elementor-column elementor-col-66 elementor-top-column elementor-element elementor-element-198cdc3\" data-id=\"198cdc3\" data-element_type=\"column\">\n\t\t\t<div class=\"elementor-widget-wrap elementor-element-populated\">\n\t\t\t\t\t\t\t\t<div class=\"elementor-element elementor-element-b36c7b6 elementor-widget elementor-widget-text-editor\" data-id=\"b36c7b6\" data-element_type=\"widget\" data-widget_type=\"text-editor.default\">\n\t\t\t\t<div class=\"elementor-widget-container\">\n\t\t\t\t\t\t\t<p>Trabalhei por um longo per\u00edodo com Recursos Humanos, sou tecn\u00f3loga em Contabilidade e p\u00f3s graduada em Gest\u00e3o de Pessoas. \u00c9 uma \u00e1rea que me instiga, talvez pelo trato com as pessoas, mas sentia que ainda n\u00e3o era o meu lugar e sempre me questionava se existia um lugar nesse mundo para chamar de meu.<\/p>\n<p>Em 2019 iniciei a forma\u00e7\u00e3o em Psican\u00e1lise, que sou extremamente apaixonada.<br>Hoje j\u00e1 formada, atendo os clientes de forma online.<\/p>\n<p>No in\u00edcio do ano de 2020, um amigo querido perguntou se eu conhecia o Reiki. Logo respondi que n\u00e3o, pois n\u00e3o me parecia familiar.<br>Curiosa que sou (mas isso eu j\u00e1 pontuei rs), fui atr\u00e1s desse tal de Reiki. Me interessei e logo me inscrevi para um curso, nos m\u00f3dulos 1 e 2.<br>Na primeira aula eu me senti em casa, eu sabia que ali era o meu lugar.<br>Pouco depois, fiz os m\u00f3dulos 3 e 4, onde iniciou a outra paix\u00e3o que \u00e9 levar esse conhecimento para as pessoas.<\/p><p>Desde ent\u00e3o a minha busca pelo autoconhecimento s\u00f3 aumentou junto a pr\u00e1ticas que me completassem.<\/p>\n<p>Na aplica\u00e7\u00e3o de Reiki integro a radiestesia, cristais e cromoterapia. &nbsp;<br>\u00c9 uma pr\u00e1tica muito linda e te convido a conhec\u00ea-la.<\/p>\n<p>Desejo que aqui, voc\u00ea se encontre! Ou<br>Desejo que aqui seja um dos meios para voc\u00ea se encontrar.<\/p>\t\t\t\t\t\t<\/div>\n\t\t\t\t<\/div>\n\t\t\t\t\t<\/div>\n\t\t<\/div>\n\t\t\t\t\t\t\t<\/div>\n\t\t<\/section>\n\t\t\t\t<section class=\"elementor-section elementor-top-section elementor-element elementor-element-01c6a0d elementor-section-full_width elementor-section-height-default elementor-section-height-default\" data-id=\"01c6a0d\" data-element_type=\"section\" data-settings=\"{&quot;background_background&quot;:&quot;classic&quot;}\">\n\t\t\t\t\t\t<div class=\"elementor-container elementor-column-gap-default\">\n\t\t\t\t\t<div class=\"elementor-column elementor-col-100 elementor-top-column elementor-element elementor-element-5fd88f3\" data-id=\"5fd88f3\" data-element_type=\"column\">\n\t\t\t<div class=\"elementor-widget-wrap elementor-element-populated\">\n\t\t\t\t\t\t\t\t<section class=\"elementor-section elementor-inner-section elementor-element elementor-element-4bc62c2 elementor-section-boxed elementor-section-height-default elementor-section-height-default\" data-id=\"4bc62c2\" data-element_type=\"section\">\n\t\t\t\t\t\t<div class=\"elementor-container elementor-column-gap-default\">\n\t\t\t\t\t<div class=\"elementor-column elementor-col-100 elementor-inner-column elementor-element elementor-element-e1d365e\" data-id=\"e1d365e\" data-element_type=\"column\">\n\t\t\t<div class=\"elementor-widget-wrap elementor-element-populated\">\n\t\t\t\t\t\t\t\t<div class=\"elementor-element elementor-element-ca722cc elementor-widget elementor-widget-heading\" data-id=\"ca722cc\" data-element_type=\"widget\" data-widget_type=\"heading.default\">\n\t\t\t\t<div class=\"elementor-widget-container\">\n\t\t\t<h2 class=\"elementor-heading-title elementor-size-default\">Fale comigo!<\/h2>\t\t<\/div>\n\t\t\t\t<\/div>\n\t\t\t\t<div class=\"elementor-element elementor-element-c76ad7d elementor-widget elementor-widget-text-editor\" data-id=\"c76ad7d\" data-element_type=\"widget\" data-widget_type=\"text-editor.default\">\n\t\t\t\t<div class=\"elementor-widget-container\">\n\t\t\t\t\t\t\t<p>Entre em contato, agende sua sess\u00e3o <br><\/p>\t\t\t\t\t\t<\/div>\n\t\t\t\t<\/div>\n\t\t\t\t<div class=\"elementor-element elementor-element-cb362c2 elementor-view-default elementor-widget elementor-widget-icon\" data-id=\"cb362c2\" data-element_type=\"widget\" data-widget_type=\"icon.default\">\n\t\t\t\t<div class=\"elementor-widget-container\">\n\t\t\t\t\t<div class=\"elementor-icon-wrapper\">\n\t\t\t<div class=\"elementor-icon\">\n\t\t\t<i aria-hidden=\"true\" class=\"far fa-heart\"><\/i>\t\t\t<\/div>\n\t\t<\/div>\n\t\t\t\t<\/div>\n\t\t\t\t<\/div>\n\t\t\t\t<div class=\"elementor-element elementor-element-ac2ab54 elementor-align-center elementor-widget elementor-widget-button\" data-id=\"ac2ab54\" data-element_type=\"widget\" data-widget_type=\"button.default\">\n\t\t\t\t<div class=\"elementor-widget-container\">\n\t\t\t\t\t<div class=\"elementor-button-wrapper\">\n\t\t\t<a href=\"https:\/\/espacofloresca.com.br\/index.php\/contato\/\" class=\"elementor-button-link elementor-button elementor-size-sm\" role=\"button\">\n\t\t\t\t\t\t<span class=\"elementor-button-content-wrapper\">\n\t\t\t\t\t\t\t<span class=\"elementor-button-icon elementor-align-icon-right\">\n\t\t\t\t<i aria-hidden=\"true\" class=\"fas fa-angle-right\"><\/i>\t\t\t<\/span>\n\t\t\t\t\t\t<span class=\"elementor-button-text\">Contato<\/span>\n\t\t<\/span>\n\t\t\t\t\t<\/a>\n\t\t<\/div>\n\t\t\t\t<\/div>\n\t\t\t\t<\/div>\n\t\t\t\t\t<\/div>\n\t\t<\/div>\n\t\t\t\t\t\t\t<\/div>\n\t\t<\/section>\n\t\t\t\t\t<\/div>\n\t\t<\/div>\n\t\t\t\t\t\t\t<\/div>\n\t\t<\/section>\n\t\t\t\t\t\t\t<\/div>\n\t\t","protected":false},"excerpt":{"rendered":"<p>Espa\u00e7o Flores\u00e7a O Espa\u00e7o Flores\u00e7a \u00e9 um espa\u00e7o de Psican\u00e1lise e terapias integrativas idealizado por Michele Martini. Iniciou em 2020 com a inten\u00e7\u00e3o de levar a pr\u00e1tica do Reiki e [&hellip;]<\/p>\n","protected":false},"author":1,"featured_media":0,"parent":0,"menu_order":0,"comment_status":"closed","ping_status":"closed","template":"elementor_header_footer","meta":{"om_disable_all_campaigns":false,"_mi_skip_tracking":false},"rishi__cb_customizer_meta":"","aioseo_notices":[],"_links":{"self":[{"href":"https:\/\/espacofloresca.com.br\/index.php\/wp-json\/wp\/v2\/pages\/119"}],"collection":[{"href":"https:\/\/espacofloresca.com.br\/index.php\/wp-json\/wp\/v2\/pages"}],"about":[{"href":"https:\/\/espacofloresca.com.br\/index.php\/wp-json\/wp\/v2\/types\/page"}],"author":[{"embeddable":true,"href":"https:\/\/espacofloresca.com.br\/index.php\/wp-json\/wp\/v2\/users\/1"}],"replies":[{"embeddable":true,"href":"https:\/\/espacofloresca.com.br\/index.php\/wp-json\/wp\/v2\/comments?post=119"}],"version-history":[{"count":87,"href":"https:\/\/espacofloresca.com.br\/index.php\/wp-json\/wp\/v2\/pages\/119\/revisions"}],"predecessor-version":[{"id":1369,"href":"https:\/\/espacofloresca.com.br\/index.php\/wp-json\/wp\/v2\/pages\/119\/revisions\/1369"}],"wp:attachment":[{"href":"https:\/\/espacofloresca.com.br\/index.php\/wp-json\/wp\/v2\/media?parent=119"}],"curies":[{"name":"wp","href":"https:\/\/api.w.org\/{rel}","templated":true}]}}